?
6
Let p(k) = 4*k - 2. Let l(m) = m. Let c(g) = -3*l(g) + p(g). What is c(7)?
5
Let x(c) = c - 8. Let q be x(4). Let j(y) = y**2 + y - 2. Calculate j(q).
10
Suppose -3*g = -2*g. Let l(y) = g*y**3 - 4*y**2 - 3 + y**3 + 2 + 3*y + 0*y**2. Let k = -2 + 5. Determine l(k).
-1
Let g = -3 - 4. Suppose -5*i = 37 - 12. Let v = i - g. Let s(l) = 2*l**2 + l + 1. Determine s(v).
11
Let l = -13 - -8. Let a(i) = -7*i - 27. Let q(x) = 11*x + 41. Let m(v) = 8*a(v) + 5*q(v). Determine m(l).
-6
Let l(i) = i**2 + 4*i + 3. Let c be l(-4). Suppose -4*x + c*x = -5. Let w(q) = q**2 - 4*q - 4. What is w(x)?
1
Let m(u) = u**2 - 1. Suppose 2*g + 0*i + 2*i - 14 = 0, -3*g + 5*i = -5. Let o(a) = a**2 - 4*a + 1. Let d be o(g). Suppose 2*w - d = -w. Calculate m(w).
3
Let d(n) be the third derivative of n**7/840 - n**6/90 - n**5/24 + 5*n**4/24 + 2*n**3/3 + 7*n**2. Let z(o) be the first derivative of d(o). Calculate z(5).
5
Let t(r) = -r**2 + 8*r + 13. Let p be t(9). Let z(k) = 3 - 2 + 3*k - k**2 + 0*k**2. Calculate z(p).
-3
Let l(y) = 2*y - 3. Let g be l(5). Let j(w) = -w**3 + 8*w**2 - 6*w + 1. Give j(g).
8
Let o(f) = -4*f + 12*f - 5*f + 1. Calculate o(-3).
-8
Let o = 0 + 6. Let m = o - 0. Let i(f) = 9 + 0 + 2*f - 8 - 3*f. Determine i(m).
-5
Let t(n) be the second derivative of -2/3*n**3 + 2*n + 1/2*n**2 + 0. Give t(-2).
9
Let l(w) be the first derivative of -w**3/3 + 3*w**2 + 6*w + 1. Suppose -s = -0*s - 6. Calculate l(s).
6
Let n = 11 + -11. Let p(x) be the third derivative of -1/60*x**5 - 1/24*x**4 + 0*x - x**3 + 0 - 4*x**2. What is p(n)?
-6
Let f(p) = 1. Let i(y) = -y + 8. Let s(d) = 5*f(d) + i(d). What is s(12)?
1
Let d(a) = -7*a**3 - 15*a**2 + 16*a + 17. Let s(n) = 4*n**3 + 8*n**2 - 8*n - 9. Let k(c) = -3*d(c) - 5*s(c). What is k(-6)?
6
Let n be (-10)/(-15)*(-3)/2. Let w be 2/4*(-3 + n). Let h(i) be the second derivative of -i**4/12 - i**3/2 - i**2/2 - 2*i. Determine h(w).
1
Let m = 3 - 4. Let o(k) be the second derivative of 7*k**5/20 + k**2/2 - 19*k. Calculate o(m).
-6
Let x(j) = -j**3 + 4*j**2 + j - 4. Suppose 3 = 3*s - 6. Suppose 3*z = -2*z + 35. Suppose -a + 11 = 4*a + d, 4*d + z = -s*a. Give x(a).
8
Let a(t) = -3*t + 3. Let y be (-90)/(-12)*(-4)/6. What is a(y)?
18
Let i(a) be the first derivative of -a**4/4 + 5*a**3/3 - a**2 - 4*a - 13. What is i(3)?
8
Let t(u) = 46*u**2 - 1. Let m be t(1). Let c be 2/(-9) + 55/m. Let y be 6 - -1*c/(-1). Let i(v) = -v**2 + 6*v - 2. What is i(y)?
3
Let f(c) = -13*c**3 + 8*c**2 - c - 5. Let r(u) = 13*u**3 - 10*u**2 + u + 6. Let s(w) = 6*f(w) + 5*r(w). Suppose -5*o - 3 = 2. Determine s(o).
12
Let k(t) be the first derivative of -t**5/20 + 5*t**4/12 - t**3 + 5*t**2/2 - 6*t + 5. Let l(m) be the first derivative of k(m). Give l(4).
-3
Let f(i) = 5 + 3 + 0 - i - 4. Calculate f(5).
-1
Let q(r) = -r**3 - 5*r**2 + r - 2. Suppose 18*h + 21 = 11*h. Determine q(h).
-23
Let g(a) = 5*a**3 + 3*a**2 + 3*a + 5. Let b(v) = -14*v**3 - 8*v**2 - 8*v - 14. Let t(p) = -4*b(p) - 11*g(p). Give t(0).
1
Let m(r) = 3*r - 1. Let u(k) = -k**2 - 9*k + 8. Let x be u(-10). Determine m(x).
-7
Let l(j) be the first derivative of -j**2 + j - 1. Let v(a) = -5*a**2 + 9*a - 6. Let n(o) = -o**2 + 1. Let q(t) = -6*n(t) + v(t). Let d be q(-10). Give l(d).
5
Let u(j) = -j**2 - j + 1. Let b be u(-2). Let c(k) = -k**2 + 1. Let a = -9 - -3. Let w(y) = -3*y**3 - 5*y**2 + 5. Let h(s) = a*c(s) + w(s). Determine h(b).
3
Suppose 2*p - 6 = 4. Let j(n) = -2*n**3 + 10*n**2 - 5*n - 10. Let a(z) = 3*z**3 - 15*z**2 + 7*z + 15. Let t(w) = 5*a(w) + 7*j(w). Determine t(p).
5
Let n(b) be the second derivative of -b**5/20 + b**4/4 - b**3/6 - b. Let l(v) = -v**3 - 18*v**2 - 17*v + 3. Let j be l(-17). What is n(j)?
-3
Let s(l) be the first derivative of 1/4*l**4 - 1/2*l**2 + 2 - l + 2*l**3. Calculate s(-6).
5
Let v(a) = -a**2 - 11*a - 6. Let h be (-45)/6*12/10. What is v(h)?
12
Let y(o) = -5*o**2 + 3*o - 3. Let c(b) = -b**2 - b. Let i(u) = 4*c(u) - y(u). Calculate i(3).
-9
Let x(b) = 4*b**3 + 8*b**2 + b + 1. Let w(r) = -3*r**3 + 7*r**2 - r**3 + 2*r + 6*r**3 + r**3. Let j(i) = -5*w(i) + 4*x(i). Determine j(4).
-4
Let d(s) = s**3 + 2*s**2 - 2*s. Let z be (0/2)/(2 + -1). Suppose y = -z*y - 3. What is d(y)?
-3
Let l(a) = 40 + 3*a - 40. Calculate l(-2).
-6
Let a(s) be the first derivative of s**3/3 - s**2 - 3. Calculate a(3).
3
Let u(l) = -11*l**2 + l - 2. Let h(z) be the second derivative of 1/2*z**2 + 0 + 5/12*z**4 - 3*z + 0*z**3. Let p(m) = 5*h(m) + 2*u(m). Determine p(-1).
2
Let d be 1 - (3 - -1) - -1. Let r(g) = -g - 2. What is r(d)?
0
Let y(m) be the first derivative of m**2 + 8*m - 55. What is y(-9)?
-10
Let c(y) = y + 1. Let u be ((-48)/(-9))/(1/(-3)). Let t = 22 + u. What is c(t)?
7
Let p(i) = i**2 - 10*i - 1. Let y(d) = 2*d**2 - 14*d - 1. Let l(x) = 7*p(x) - 5*y(x). Calculate l(2).
-14
Let k(o) be the first derivative of -o**2/2 + 12*o - 6. Let i(b) = -6. Let n(s) = 5*i(s) + 3*k(s). Calculate n(4).
-6
Suppose 4*i = k + k - 30, 2*k = -4*i - 10. Suppose -3*l + 15 = 4*s, -3*s + k*l - 25 = -4*s. Let u(w) = w + 5. Give u(s).
5
Let z(v) = -v**3 - v**2 + v. Let k = 9 + -6. Suppose k = -5*f - 2. Let h = 2 + f. Determine z(h).
-1
Let l(v) = v + 8. Let y(q) = -55*q**2 + 55*q**2 + q**3. Let h be y(0). Calculate l(h).
8
Let s be 2/(-1 - 1) + 4. Let j be (3/6)/(s/36). Suppose 5 = -j*k + k. Let w(p) = -3*p**3 + 2*p**2 + p. Determine w(k).
4
Let n(q) = -q**3 - 4*q**2 + 2*q + 2. Suppose 2*k - 6*k = -56. Suppose -4*x + 4 = -3*a, 0 = -5*a + a + x - k. Calculate n(a).
-6
Suppose -r + 20 = 4*r. Let q(i) = 3 - i - i + r*i. Determine q(-2).
-1
Let n(q) = -3*q**3 - 30 + 31 - 4*q**2 + 4*q**3 + 3*q. Suppose -8 + 2 = -2*c. Give n(c).
1
Suppose -t = t - 5*v + 23, 4*t - 4*v + 16 = 0. Let w(i) = -17*i**3 + i**2 - i + 1. Calculate w(t).
-16
Let s be (-4 - 45/(-9))/(1/3). Let a(f) = -f - 1. Give a(s).
-4
Let i(y) be the third derivative of -y**7/2520 + y**6/240 + y**5/40 + y**4/6 - 4*y**2. Let s(t) be the second derivative of i(t). Determine s(-2).
-7
Let p(n) = -2*n - 1. Let q be p(5). Let i = -9 - q. Let s(f) = f**2 - 2. What is s(i)?
2
Let k(g) = -g**2 - 3*g + 2. Let t = -5 + 1. Let u be t/22 - 31/11. Determine k(u).
2
Let i(r) = -r**2 + 6*r - 1. Let f be i(5). Let h(u) be the first derivative of u**4/24 + u**2 + 2. Let z(q) be the second derivative of h(q). Calculate z(f).
4
Let h(p) = p**3 - 5*p**2 - 7*p - 2. Let z = -13 - -19. What is h(z)?
-8
Suppose 0 + 11 = -11*d. Let x(m) be the first derivative of 5*m**4/12 - m**2/2 + 2*m + 1. Let g(j) be the first derivative of x(j). What is g(d)?
4
Let o(y) = y**3 + y**2 - y - 3. Let r(l) = -l + 12. Let q(p) = -2*p + 36. Let h(j) = 3*q(j) - 8*r(j). Let i be h(-6). What is o(i)?
-3
Let h(b) = b**3 + b**2. Let j(y) = -5*y**3 - 10*y**2 - 5*y + 3. Let g(c) = -4*h(c) - j(c). Let r = 4 - 9. Give g(r).
-3
Let m(a) = -3*a**2 - 4*a - 4. Let t(o) = -4*o**2 - 5*o - 5. Let k(h) = -5*m(h) + 4*t(h). What is k(1)?
-1
Let z(j) be the third derivative of -j**4/24 + j**3/3 + 2*j**2. Let w = -1 + 2. Let l be z(w). Let n(t) = -t - 1. Calculate n(l).
-2
Let h(v) = -7*v + 2. Let z be (2 - (-12)/(-8)) + (-5)/2. Determine h(z).
16
Let l(d) be the first derivative of -d**3/3 + 5*d**2/2 - 3*d - 6. Suppose 2*n + 0 - 1 = -s, 4*s - 3*n - 15 = 0. Determine l(s).
3
Let t(m) be the third derivative of 0*m + m**2 - 1/6*m**4 + 0 + 1/3*m**3. Calculate t(2).
-6
Let x(m) = m**3 + 4*m**2 + 3*m + 2. Let d(p) = 3 + p**3 - 2*p**3 + 4*p**3 + 8*p**2 + 5*p. Let k(i) = -2*d(i) + 5*x(i). Determine k(5).
4
Let r(v) = 10 - 5 + 3*v + v - 2*v. Let t(m) = -m - 3. Let q(i) = -3*r(i) - 5*t(i). Give q(0).
0
Let h(l) = -l**3 - 6*l**2 - 6*l - 1. Let f be h(-5). Let z(t) = -2*t**2 + 5*t + 1. Determine z(f).
-11
Let q(f) = -5*f + 12. Let h(i) = -4*i + 11. Let n(j) = -3*h(j) + 2*q(j). Suppose 3 = -m + 9. Determine n(m).
3
Suppose 0*k - y - 5 = -2*k, -k - 2*y = 0. Let m(u) = -u**3 + 4*u**2 - u - 2. Calculate m(k).
4
Let h(q) = q**3 + q**2 + q - 1. Suppose 0 = 3*x - 5*x + 2. Suppose -4*m + x = o, -2*m - 6 = -5*m + o. Suppose -n - m = -2. Determine h(n).
2
Let s(o) = -4*o + 5*o**2 + 6*o**3 + 0*o - 4*o**3 - o**3. Suppose 4*x = 2*d - 4, 2*d - 3*x = -4*x - 16. What is s(d)?
-12
Let l(f) be the second derivative of f**5/10 - f**4/12 - f**3/3 + f**2/2 + 20*f. Give l(2).
9
Let z = 5 - 7. Let m be (-1)/z + (-14)/(-4). Let g(u) = u**2 